{"id":18,"date":"2024-09-26T14:32:17","date_gmt":"2024-09-26T14:32:17","guid":{"rendered":"https:\/\/fliedra.ch\/?page_id=18"},"modified":"2025-09-15T07:19:16","modified_gmt":"2025-09-15T07:19:16","slug":"home","status":"publish","type":"page","link":"https:\/\/fliedra.ch\/","title":{"rendered":"Psychologische Beratung und Begleitung"},"content":{"rendered":"\n<div class=\"wp-block-cover alignwide is-light has-text-color has-link-color wp-elements-26fbaf0e240640b93d95cd90cde79230\" style=\"border-style:none;border-width:0px;border-radius:24px;color:#424274;padding-top:0;padding-right:var(--wp--preset--spacing--10);padding-bottom:0;padding-left:var(--wp--preset--spacing--10);box-shadow:none\"><span aria-hidden=\"true\" class=\"wp-block-cover__background has-custom-khaki-background-color has-background-dim-0 has-background-dim\"><\/span><div class=\"wp-block-cover__inner-container is-layout-flow wp-container-core-cover-is-layout-3a6ed6ba wp-block-cover-is-layout-flow\">\n<div class=\"wp-block-group alignwide has-text-color has-link-color wp-elements-1edb2f06d84dd60aa88892c9ef1e9c8a has-global-padding is-content-justification-left is-layout-constrained wp-container-core-group-is-layout-0ac7bd51 wp-block-group-is-layout-constrained\" style=\"color:#113315;padding-right:0;padding-left:0\">\n<h2 class=\"wp-block-heading has-text-color has-link-color has-large-font-size wp-elements-01434fe0780ee2202ad78b079bc84b1f\" id=\"Haltung\" style=\"color:#392438\"><strong>Haltung<\/strong><\/h2>\n\n\n\n<p class=\"has-contrast-color has-text-color has-link-color wp-elements-487217deb1646e96dd75fb11ca5e96e6\">Ich m\u00f6chte Sie auf dem Weg zu mehr Wohlbefinden und psychischer Gesundheit begleiten. Dabei liegt mir die offene, wohlwollende und wertsch\u00e4tzende Begegnung am Herzen. Ihre beruflichen und privaten Herausforderungen m\u00fcssen Sie nicht alleine bew\u00e4ltigen. Selbst ein Flugdrache \ud83e\ude81 braucht manchmal Halt, um auf Kurs zu bleiben. Als Psychologin bin ich in turbulenten Zeiten unterst\u00fctzend an Ihrer Seite bis sich der Sturm legt und die Sicht wieder klar ist.<\/p>\n\n\n\n<p class=\"collapsible-paragraph has-contrast-color has-text-color has-link-color wp-elements-29a2931460afbb6ca974123b5f0bac01\">Das Verst\u00e4ndnis \u00fcber die eigenen Muster und Glaubenss\u00e4tze erm\u00f6glicht einen sorgf\u00e4ltigen Umgang mit seinen inneren Anteilen und f\u00fchrt zu einer tieferen Selbstakzeptanz und mehr Lebenszufriedenheit. Gemeinsam gehen wir innerpsychischen Konflikten auf den Grund, erkennen und machen vielleicht noch unbewusste Prozesse bewusst sp\u00fcrbar.<\/p>\n\n\n\n<p class=\"collapsible-paragraph has-contrast-color has-text-color has-link-color wp-elements-9657ba11891e7bcebc367648d4766ac7\">Die in der fr\u00fchen Kindheit erlernten Bindungsmuster pr\u00e4gen uns und beeinflussen weitgehend, wie wir im sp\u00e4teren Leben mit uns selbst sowie anderen Menschen in Beziehung gehen und uns darin bewegen. Meine systemische Betrachtungsweise zieht Wechselwirkungen im System achtsam mit ein.<\/p>\n<\/div>\n<\/div><\/div>\n\n\n\n<div class=\"wp-block-group alignwide has-text-color has-link-color wp-elements-302264ef9c935586428efe87cd914212 is-layout-grid wp-container-core-group-is-layout-a867a1d5 wp-block-group-is-layout-grid\" style=\"border-style:none;border-width:0px;border-radius:24px;color:#113315;min-height:0px;padding-top:var(--wp--preset--spacing--10);padding-right:var(--wp--preset--spacing--10);padding-bottom:var(--wp--preset--spacing--10);padding-left:var(--wp--preset--spacing--10)\">\n<div class=\"wp-block-group wp-container-content-8fb0ac5b is-vertical is-content-justification-left is-layout-flex wp-container-core-group-is-layout-94e28d85 wp-block-group-is-layout-flex\" style=\"border-style:none;border-width:0px;border-radius:0px;margin-top:0;margin-bottom:0;padding-top:0;padding-right:0;padding-bottom:0;padding-left:0\">\n<h2 class=\"wp-block-heading has-text-color has-link-color has-large-font-size wp-elements-b75575c2632a1a689fe854d918a035cf\" id=\"Arbeitsweise\" style=\"color:#392438\"><strong>Arbeitsweise<\/strong><\/h2>\n\n\n\n<p class=\"has-contrast-color has-text-color has-link-color wp-elements-e93f5db390f565e956749e2f8c263bf7\">Ich vertrete eine integrative psychologische Arbeitsweise, wobei mich der personzentrierte Ansatz nach Rogers und das humanistische Weltbild nah begleitet. Auf diese Weise unterst\u00fctze ich Sie einf\u00fchlsam und mit bedingungsloser, wertsch\u00e4tzender Akzeptanz in der Auseinandersetzung mit sich selbst.<\/p>\n\n\n\n<p class=\"collapsible-paragraph has-contrast-color has-text-color has-link-color wp-elements-76961eb13d0a688ec5655f49b86f638a\">In der psychologischen Begleitung arbeite ich entsprechend den individuellen Bed\u00fcrfnissen entweder im Gespr\u00e4ch oder in einem gestalterischen Rahmen.<\/p>\n<\/div>\n\n\n\n<div class=\"wp-block-group has-global-padding is-layout-constrained wp-block-group-is-layout-constrained\">\n<div class=\"alignnormal\"><div id=\"metaslider-id-51\" style=\"width: 100%;\" class=\"ml-slider-3-91-0 metaslider metaslider-flex metaslider-51 ml-slider ms-theme-default nav-hidden\" role=\"region\" aria-roledescription=\"Slideshow\" aria-label=\"Steg\">\n    <div id=\"metaslider_container_51\">\n        <div id=\"metaslider_51\">\n            <ul class='slides'>\n                <li style=\"display: block; width: 100%;\" class=\"slide-52 ms-image \" aria-roledescription=\"slide\" aria-label=\"slide-52\"><img loading=\"lazy\" decoding=\"async\" width=\"2560\" height=\"1707\" src=\"https:\/\/fliedra.ch\/wp-content\/uploads\/2024\/09\/mit-Christina-auf-Steg-2_Slideshow-scaled.jpg\" class=\"slider-51 slide-52\" alt=\"\" rel=\"\" title=\"mit Christina auf Steg 2_Slideshow\" srcset=\"https:\/\/fliedra.ch\/wp-content\/uploads\/2024\/09\/mit-Christina-auf-Steg-2_Slideshow-scaled.jpg 2560w, https:\/\/fliedra.ch\/wp-content\/uploads\/2024\/09\/mit-Christina-auf-Steg-2_Slideshow-300x200.jpg 300w, https:\/\/fliedra.ch\/wp-content\/uploads\/2024\/09\/mit-Christina-auf-Steg-2_Slideshow-1024x683.jpg 1024w, https:\/\/fliedra.ch\/wp-content\/uploads\/2024\/09\/mit-Christina-auf-Steg-2_Slideshow-768x512.jpg 768w, https:\/\/fliedra.ch\/wp-content\/uploads\/2024\/09\/mit-Christina-auf-Steg-2_Slideshow-1536x1024.jpg 1536w, https:\/\/fliedra.ch\/wp-content\/uploads\/2024\/09\/mit-Christina-auf-Steg-2_Slideshow-2048x1365.jpg 2048w\" sizes=\"auto, (max-width: 2560px) 100vw, 2560px\" \/><\/li>\n                <li style=\"display: none; width: 100%;\" class=\"slide-53 ms-image \" aria-roledescription=\"slide\" aria-label=\"slide-53\"><img loading=\"lazy\" decoding=\"async\" width=\"2560\" height=\"1707\" src=\"https:\/\/fliedra.ch\/wp-content\/uploads\/2024\/09\/mit-Christina-auf-Steg-1_Slideshow-scaled.jpg\" class=\"slider-51 slide-53\" alt=\"\" rel=\"\" title=\"mit Christina auf Steg 1_Slideshow\" srcset=\"https:\/\/fliedra.ch\/wp-content\/uploads\/2024\/09\/mit-Christina-auf-Steg-1_Slideshow-scaled.jpg 2560w, https:\/\/fliedra.ch\/wp-content\/uploads\/2024\/09\/mit-Christina-auf-Steg-1_Slideshow-300x200.jpg 300w, https:\/\/fliedra.ch\/wp-content\/uploads\/2024\/09\/mit-Christina-auf-Steg-1_Slideshow-1024x683.jpg 1024w, https:\/\/fliedra.ch\/wp-content\/uploads\/2024\/09\/mit-Christina-auf-Steg-1_Slideshow-768x512.jpg 768w, https:\/\/fliedra.ch\/wp-content\/uploads\/2024\/09\/mit-Christina-auf-Steg-1_Slideshow-1536x1024.jpg 1536w, https:\/\/fliedra.ch\/wp-content\/uploads\/2024\/09\/mit-Christina-auf-Steg-1_Slideshow-2048x1365.jpg 2048w\" sizes=\"auto, (max-width: 2560px) 100vw, 2560px\" \/><\/li>\n            <\/ul>\n        <\/div>\n        \n    <\/div>\n<\/div><\/div>\n<\/div>\n\n\n\n<div class=\"wp-block-group wp-container-content-8fb0ac5b is-vertical is-layout-flex wp-container-core-group-is-layout-fe9cc265 wp-block-group-is-layout-flex\">\n<p><\/p>\n<\/div>\n\n\n\n<p class=\"has-text-align-right gallerycaption wp-container-content-8fb0ac5b\" style=\"font-size:12px\"><a href=\"https:\/\/www.instagram.com\/jasy_k\/\">\u00a9 Jasmin Karim<\/a><\/p>\n<\/div>\n\n\n\n<div class=\"wp-block-group alignwide has-base-color has-contrast-2-background-color has-text-color has-background has-link-color wp-elements-8671c442edae0e8de8cf6c66abf58c58 is-layout-grid wp-container-core-group-is-layout-237353f0 wp-block-group-is-layout-grid\" id=\"Angebot\" style=\"border-top-left-radius:24px;border-top-right-radius:24px;border-bottom-left-radius:0px;border-bottom-right-radius:0px;padding-top:var(--wp--preset--spacing--10);padding-right:var(--wp--preset--spacing--10);padding-bottom:var(--wp--preset--spacing--10);padding-left:var(--wp--preset--spacing--10)\">\n<figure class=\"wp-block-image size-large has-custom-border wp-container-content-8fb0ac5b\"><img loading=\"lazy\" decoding=\"async\" width=\"1024\" height=\"689\" src=\"https:\/\/fliedra.ch\/wp-content\/uploads\/2024\/09\/mit-Christina-auf-Feldweg1-1024x689.jpg\" alt=\"\" class=\"wp-image-60\" style=\"border-radius:24px\" srcset=\"https:\/\/fliedra.ch\/wp-content\/uploads\/2024\/09\/mit-Christina-auf-Feldweg1-1024x689.jpg 1024w, https:\/\/fliedra.ch\/wp-content\/uploads\/2024\/09\/mit-Christina-auf-Feldweg1-300x202.jpg 300w, https:\/\/fliedra.ch\/wp-content\/uploads\/2024\/09\/mit-Christina-auf-Feldweg1-768x516.jpg 768w, https:\/\/fliedra.ch\/wp-content\/uploads\/2024\/09\/mit-Christina-auf-Feldweg1-1536x1033.jpg 1536w, https:\/\/fliedra.ch\/wp-content\/uploads\/2024\/09\/mit-Christina-auf-Feldweg1-2048x1377.jpg 2048w\" sizes=\"auto, (max-width: 1024px) 100vw, 1024px\" \/><figcaption class=\"wp-element-caption\"><a href=\"https:\/\/www.instagram.com\/jasy_k\/\">\u00a9 Jasmin Karim<\/a><\/figcaption><\/figure>\n\n\n\n<div class=\"wp-block-group has-background wp-container-content-9a4776de is-vertical is-content-justification-left is-layout-flex wp-container-core-group-is-layout-70dbf388 wp-block-group-is-layout-flex\" style=\"background-color:#ffffff00;min-height:0px;padding-right:0;padding-left:0\">\n<h2 class=\"wp-block-heading has-base-color has-text-color has-link-color has-large-font-size wp-elements-b325e664d4744a74b0ab80967e78d18b\"><strong>Angebot<\/strong><\/h2>\n\n\n\n<p><strong>Ist die psychologische Begleitung etwas f\u00fcr Sie?<\/strong><\/p>\n\n\n\n<p>Ich biete psychologische Begleitung f\u00fcr Erwachsene ab 18 Jahren an. Eine Sitzung umfasst 50 Minuten exklusiv Vor- und Nachbereitungszeit.<\/p>\n\n\n\n<p><\/p>\n\n\n\n<p class=\"collapsible-paragraph\"><strong>WICHTIG<\/strong>: Ich biete keine Psychotherapie an und behandle oder diagnostiziere keine psychischen St\u00f6rungen. Falls bei Ihnen Bedarf an Psychotherapie besteht, unterst\u00fctze ich Sie gerne bei der Suche nach einem geeigneten Therapieplatz.<\/p>\n<\/div>\n<\/div>\n\n\n\n<div class=\"wp-block-group alignwide has-contrast-2-background-color has-background is-layout-grid wp-container-core-group-is-layout-bcd9b0ca wp-block-group-is-layout-grid\" style=\"border-top-left-radius:0px;border-top-right-radius:0px;border-bottom-left-radius:24px;border-bottom-right-radius:24px;margin-top:0;margin-bottom:0;padding-top:var(--wp--preset--spacing--10);padding-right:var(--wp--preset--spacing--10);padding-bottom:var(--wp--preset--spacing--10);padding-left:var(--wp--preset--spacing--10)\">\n<div class=\"wp-block-group has-base-color has-text-color has-background has-link-color wp-elements-71c70da61d73d94651e2495b2d66fc2e wp-container-content-c85b0d59 is-vertical is-content-justification-left is-layout-flex wp-container-core-group-is-layout-70dbf388 wp-block-group-is-layout-flex\" style=\"background-color:#ffffff00;min-height:0px;padding-right:0;padding-left:0\">\n<h2 class=\"wp-block-heading has-base-color has-text-color has-link-color has-large-font-size wp-elements-f6b1308cb745b570836bdb3c2ac0bcf7\" id=\"ArbeitsortKosten\"><strong>Informationen<\/strong><\/h2>\n\n\n\n<p class=\"has-medium-font-size\"><strong>Arbeitsort<\/strong><br>Ich biete psychologische Begleitung in einem Praxisraum in der Gemeinschaftspraxis an der Merkurstrasse 12 in 8400 Winterthur sowie auch online an.<\/p>\n\n\n\n<p><strong>Sprachen<\/strong><br>Deutsch und Englisch<\/p>\n\n\n\n<p><strong>Kosten<\/strong> <br>Die Kosten einer Sitzung befinden sich zwischen CHF 80.- und 140.- (je nach finanzieller Situation) und k\u00f6nnen nicht \u00fcber die Grundversicherung abgerechnet werden. Falls die Kosten eine finanzielle Herausforderung darstellen, k\u00f6nnen Sie gerne auf mich zukommen und wir schauen gemeinsam nach einer L\u00f6sung.<\/p>\n<\/div>\n\n\n\n<figure class=\"wp-block-image size-large has-custom-border is-style-default wp-container-content-9acc591f\"><img loading=\"lazy\" decoding=\"async\" width=\"768\" height=\"1024\" src=\"https:\/\/fliedra.ch\/wp-content\/uploads\/2025\/03\/Raum-aktuell-768x1024.jpg\" alt=\"\" class=\"wp-image-338\" style=\"border-radius:24px;object-fit:cover\" srcset=\"https:\/\/fliedra.ch\/wp-content\/uploads\/2025\/03\/Raum-aktuell-768x1024.jpg 768w, https:\/\/fliedra.ch\/wp-content\/uploads\/2025\/03\/Raum-aktuell-225x300.jpg 225w, https:\/\/fliedra.ch\/wp-content\/uploads\/2025\/03\/Raum-aktuell-1152x1536.jpg 1152w, https:\/\/fliedra.ch\/wp-content\/uploads\/2025\/03\/Raum-aktuell.jpg 1536w\" sizes=\"auto, (max-width: 768px) 100vw, 768px\" \/><\/figure>\n<\/div>\n\n\n\n<div class=\"wp-block-group alignwide has-text-color has-link-color wp-elements-35f1919cc4c48419a775a42ea2fd2774 is-layout-grid wp-container-core-group-is-layout-ecb3154b wp-block-group-is-layout-grid\" id=\"Uber-Mich\" style=\"border-radius:24px;color:#113315;padding-top:var(--wp--preset--spacing--10);padding-right:var(--wp--preset--spacing--10);padding-bottom:var(--wp--preset--spacing--10);padding-left:var(--wp--preset--spacing--10)\">\n<figure class=\"wp-block-image size-large is-style-default wp-container-content-9acc591f\"><img loading=\"lazy\" decoding=\"async\" width=\"683\" height=\"1024\" src=\"https:\/\/fliedra.ch\/wp-content\/uploads\/2024\/09\/Portrait-683x1024.jpg\" alt=\"\" class=\"wp-image-63\" srcset=\"https:\/\/fliedra.ch\/wp-content\/uploads\/2024\/09\/Portrait-683x1024.jpg 683w, https:\/\/fliedra.ch\/wp-content\/uploads\/2024\/09\/Portrait-200x300.jpg 200w, https:\/\/fliedra.ch\/wp-content\/uploads\/2024\/09\/Portrait-768x1152.jpg 768w, https:\/\/fliedra.ch\/wp-content\/uploads\/2024\/09\/Portrait-1024x1536.jpg 1024w, https:\/\/fliedra.ch\/wp-content\/uploads\/2024\/09\/Portrait-1365x2048.jpg 1365w, https:\/\/fliedra.ch\/wp-content\/uploads\/2024\/09\/Portrait-scaled.jpg 1707w\" sizes=\"auto, (max-width: 683px) 100vw, 683px\" \/><figcaption class=\"wp-element-caption\"><a href=\"https:\/\/www.instagram.com\/jasy_k\/\" data-type=\"link\" data-id=\"https:\/\/www.instagram.com\/jasy_k\/\" target=\"_blank\" rel=\"noreferrer noopener\">\u00a9 Jasmin Karim<\/a><\/figcaption><\/figure>\n\n\n\n<div class=\"wp-block-group has-background wp-container-content-c85b0d59 is-vertical is-content-justification-left is-layout-flex wp-container-core-group-is-layout-70dbf388 wp-block-group-is-layout-flex\" style=\"background-color:#ffffff00;min-height:0px;padding-right:0;padding-left:0\">\n<h2 class=\"wp-block-heading has-text-color has-link-color has-large-font-size wp-elements-8e806f047a62d4d01256162c0f65fcc1\" style=\"color:#392438\"><strong>\u00dcber mich<\/strong><\/h2>\n\n\n\n<p class=\"collapsible-paragraph has-contrast-color has-text-color has-link-color wp-elements-66211310a06a858e52eb264a71c38ad0\">Ich habe mehrere Jahre in der Stadt Z\u00fcrich gelebt und wohne nun mit meinem Lebenspartner in Winterthur, um n\u00e4her am Arbeitsort zu sein. In meiner Freizeit bin ich gerne unter Menschen sowie in der Natur oder in Bewegung. Ich habe eine kleine H\u00fcndin, die mich auf Trab h\u00e4lt, und w\u00fcnsche mir, dass sie mich zuk\u00fcnftig vielleicht auch ab und zu in meiner Arbeit begleiten und unterst\u00fctzen darf.<br>Als Psychologin FSP bringe ich Erfahrung im psychologischen, spieltherapeutischen und psychosozialen Bereich mit. In den letzten Jahren war ich als psychosoziale Familienbegleiterin im Kanton Z\u00fcrich unterwegs und habe Klientel in diversen Themen begleitet. Aktuell befinde ich mich noch in den untenstehenden zwei Weiterbildungen und m\u00f6chte demn\u00e4chst die postgraduale Weiterbildung zur K\u00f6rperpsychotherapeutin starten.<br><br>&#8211; Spieltherapie und personzentrierte Beratung f\u00fcr Kinder, Jugendliche und Familien bei Herrn Curd Michael Hockel in M\u00fcnchen<br>&#8211; Ausbildung z\u200bu\u200br Testung der Bindungsrepr\u00e4sentation im Erwachsenenalter, Adult Attachment Projective Picture System (AAP), bei Prof. Dr. Anna Buchheim<\/p>\n\n\n\n<p class=\"collapsible-paragraph has-contrast-color has-text-color has-link-color wp-elements-404d58e3bdcb48ad09d91ab279e9bac8\"><\/p>\n\n\n\n<p class=\"has-contrast-color has-text-color has-link-color wp-elements-b9311226b6851c75c070881d9501c59c\"><strong>Kurz &amp; B\u00fcndig<br><\/strong>meine bisherigen Stationen:<\/p>\n\n\n\n<p>Seit 2025 in der Arbeitsintegration t\u00e4tig<\/p>\n\n\n\n<p class=\"has-contrast-color has-text-color has-link-color wp-elements-21ffe453bb21f16caf9c1f6bbd484ebf\">Seit 2023 als psychosoziale Familienbegleiterin t\u00e4tig<\/p>\n\n\n\n<p class=\"has-contrast-color has-text-color has-link-color wp-elements-25d2d01bccc404bb97c2bbeb2f86dcac\">2019 \u2013 2024 Studium in angewandter Psychologie<\/p>\n\n\n\n<p class=\"has-contrast-color has-text-color has-link-color wp-elements-b31d4eb3431b117a839292dd497b947a\">2019 \u2013 2021 Mentorin Future Kids beim AOZ der Stadt Z\u00fcrich<\/p>\n\n\n\n<p class=\"has-contrast-color has-text-color has-link-color wp-elements-3265d2c36ab6d7270f39ab49873ab440\">2012 \u2013 2022 kaufm\u00e4nnische T\u00e4tigkeiten (ZKB, London School of English, Grosshandelsunternehmen) sowie Research &amp; Rekrutierung (Kienbaum)<\/p>\n<\/div>\n<\/div>\n\n\n\n<div class=\"wp-block-group alignwide has-contrast-2-background-color has-background is-layout-grid wp-container-core-group-is-layout-f5195001 wp-block-group-is-layout-grid\" id=\"Kontakt\" style=\"border-radius:24px;padding-top:var(--wp--preset--spacing--10);padding-right:var(--wp--preset--spacing--10);padding-bottom:var(--wp--preset--spacing--10);padding-left:var(--wp--preset--spacing--10)\">\n<iframe src=\"https:\/\/www.google.com\/maps\/embed?pb=!1m18!1m12!1m3!1d2695.388787364311!2d8.72362207658852!3d47.50181919520701!2m3!1f0!2f0!3f0!3m2!1i1024!2i768!4f13.1!3m3!1m2!1s0x479a997847630fd1%3A0x7ea073013aeabe97!2sMerkurstrasse%2012%2C%208400%20Winterthur!5e0!3m2!1sde!2sch!4v1729080906730!5m2!1sde!2sch\" width=\"100%\" height=\"100%\" style=\"border:0; border-radius:24px\" allowfullscreen=\"\" loading=\"lazy\" referrerpolicy=\"no-referrer-when-downgrade\"><\/iframe>\n\n\n\n<div class=\"wp-block-group has-text-color has-link-color wp-elements-6cd7294a1cf1f170a5aee1cb13bf0357 wp-container-content-9acc591f is-vertical is-content-justification-center is-layout-flex wp-container-core-group-is-layout-8f3e0f4b wp-block-group-is-layout-flex wp-container-5 is-position-sticky\" style=\"color:#cdc5cd;min-height:0px;padding-top:var(--wp--preset--spacing--30);padding-right:var(--wp--preset--spacing--30);padding-bottom:var(--wp--preset--spacing--30);padding-left:var(--wp--preset--spacing--30)\">\n<h2 class=\"wp-block-heading kontakt-header is-style-default has-text-color has-link-color has-heading-font-family wp-elements-a362da61863b4f946ac7ac6747e141fb\" style=\"color:#cdc5cd;font-size:clamp(1.551rem, 1.551rem + ((1vw - 0.2rem) * 1.748), 2.6rem);\">     <strong>Kontakt<\/strong><\/h2>\n\n\n\n<p>jessica.heinzmann@fliedra.ch<\/p>\n\n\n\n<p>076 308 90 19<\/p>\n<\/div>\n<\/div>\n\n\n\n<p><\/p>\n","protected":false},"excerpt":{"rendered":"<p>Arbeitsweise Ich vertrete eine integrative psychologische Arbeitsweise, wobei mich der personzentrierte Ansatz nach Rogers und das humanistische Weltbild nah begleitet. Auf diese Weise unterst\u00fctze ich Sie einf\u00fchlsam und mit bedingungsloser, wertsch\u00e4tzender Akzeptanz in der Auseinandersetzung mit sich selbst. In der psychologischen Begleitung arbeite ich entsprechend den individuellen Bed\u00fcrfnissen entweder im Gespr\u00e4ch oder in einem gestalterischen [&hellip;]<\/p>\n","protected":false},"author":1,"featured_media":0,"parent":0,"menu_order":0,"comment_status":"closed","ping_status":"closed","template":"","meta":{"footnotes":""},"class_list":["post-18","page","type-page","status-publish","hentry"],"_links":{"self":[{"href":"https:\/\/fliedra.ch\/index.php?rest_route=\/wp\/v2\/pages\/18","targetHints":{"allow":["GET"]}}],"collection":[{"href":"https:\/\/fliedra.ch\/index.php?rest_route=\/wp\/v2\/pages"}],"about":[{"href":"https:\/\/fliedra.ch\/index.php?rest_route=\/wp\/v2\/types\/page"}],"author":[{"embeddable":true,"href":"https:\/\/fliedra.ch\/index.php?rest_route=\/wp\/v2\/users\/1"}],"replies":[{"embeddable":true,"href":"https:\/\/fliedra.ch\/index.php?rest_route=%2Fwp%2Fv2%2Fcomments&post=18"}],"version-history":[{"count":127,"href":"https:\/\/fliedra.ch\/index.php?rest_route=\/wp\/v2\/pages\/18\/revisions"}],"predecessor-version":[{"id":376,"href":"https:\/\/fliedra.ch\/index.php?rest_route=\/wp\/v2\/pages\/18\/revisions\/376"}],"wp:attachment":[{"href":"https:\/\/fliedra.ch\/index.php?rest_route=%2Fwp%2Fv2%2Fmedia&parent=18"}],"curies":[{"name":"wp","href":"https:\/\/api.w.org\/{rel}","templated":true}]}}